e greatest common divisor of 693 and 126?
63
What is the greatest common factor of 5538 and 78?
78
What is the highest common factor of 13 and 54405?
13
Calculate the highest common factor of 3056 and 32.
16
Calculate the greatest common divisor of 18 and 10809.
9
What is the greatest common divisor of 297 and 11?
11
Calculate the greatest common factor of 7 and 497.
7
Calculate the highest common factor of 364 and 112.
28
What is the highest common factor of 2 and 4?
2
What is the highest common factor of 2265 and 30?
15
Calculate the highest common divisor of 25 and 6.
1
What is the greatest common divisor of 4 and 13?
1
What is the highest common divisor of 2 and 58?
2
Calculate the greatest common factor of 50 and 246.
2
What is the highest common factor of 26 and 6?
2
Calculate the highest common factor of 10 and 6.
2
What is the greatest common divisor of 56 and 42?
14
What is the highest common divisor of 3 and 75?
3
What is the greatest common divisor of 4459 and 455?
91
What is the highest common divisor of 407 and 99?
11
Calculate the highest common divisor of 9329 and 19.
19
What is the greatest common factor of 544 and 4?
4
Calculate the highest common factor of 825 and 100.
25
Calculate the highest common factor of 15423 and 159.
159
Calculate the highest common factor of 10309 and 122.
61
Calculate the greatest common divisor of 126 and 28.
14
Calculate the highest common factor of 270 and 3915.
135
Calculate the highest common divisor of 30 and 2265.
15
What is the highest common factor of 13 and 611?
13
What is the highest common factor of 416 and 364?
52
What is the highest common factor of 38 and 3?
1
Calculate the highest common factor of 775 and 155.
155
Calculate the greatest common divisor of 48 and 36256.
16
What is the greatest common divisor of 76 and 152?
76
Calculate the highest common divisor of 672 and 119.
7
Calculate the greatest common divisor of 142 and 2201.
71
What is the highest common factor of 71 and 568?
71
What is the greatest common factor of 9 and 333?
9
What is the greatest common divisor of 4636 and 4148?
244
What is the greatest common divisor of 128 and 56?
8
What is the greatest common divisor of 39 and 13?
13
What is the highest common divisor of 425 and 200?
25
Calculate the greatest common divisor of 4 and 856.
4
What is the greatest common divisor of 17 and 833?
17
Calculate the greatest common factor of 61 and 61.
61
What is the highest common factor of 270 and 40?
10
Calculate the greatest common factor of 415 and 83.
83
What is the greatest common divisor of 2912 and 3136?
224
What is the greatest common divisor of 4496 and 16?
16
What is the greatest common divisor of 2895 and 15?
15
Calculate the greatest common divisor of 14860 and 20.
20
What is the highest common factor of 912 and 2850?
114
What is the highest common factor of 21 and 15?
3
What is the greatest common factor of 189 and 7?
7
Calculate the highest common factor of 94 and 3149.
47
Calculate the greatest common divisor of 31 and 1798.
31
Calculate the highest common factor of 1653 and 228.
57
Calculate the greatest common divisor of 18 and 238.
2
Calculate the highest common factor of 600 and 12.
12
Calculate the highest common factor of 11 and 4862.
11
Calculate the greatest common divisor of 50 and 610.
10
Calculate the greatest common divisor of 153 and 17.
17
Calculate the highest common divisor of 1020 and 60.
60
Calculate the greatest common divisor of 22 and 102938.
22
Calculate the highest common factor of 32 and 600.
8
What is the highest common factor of 76 and 16245?
19
Calculate the highest common factor of 73 and 2.
1
What is the greatest common divisor of 21 and 28?
7
What is the highest common factor of 308 and 4564?
28
Calculate the greatest common divisor of 13 and 637.
13
Calculate the greatest common factor of 4912 and 4.
4
Calculate the greatest common factor of 26 and 78.
26
What is the greatest common factor of 23675 and 25?
25
Calculate the greatest common divisor of 132 and 156.
12
Calculate the greatest common divisor of 1250 and 2.
2
Calculate the highest common divisor of 58310 and 170.
170
Calculate the greatest common divisor of 2632 and 1036.
28
Calculate the greatest common factor of 130 and 40.
10
Calculate the greatest common factor of 49 and 49.
49
What is the greatest common factor of 1 and 355?
1
What is the greatest common factor of 4 and 1196?
4
Calculate the greatest common divisor of 9 and 33.
3
Calculate the highest common divisor of 800 and 150.
50
What is the highest common factor of 8 and 232?
8
Calculate the highest common divisor of 10549 and 21.
7
Calculate the greatest common factor of 15 and 23055.
15
What is the greatest common divisor of 18 and 306?
18
Calculate the highest common factor of 2185 and 95.
95
What is the greatest common divisor of 414 and 46?
46
What is the greatest common divisor of 181 and 3?
1
What is the greatest common divisor of 29 and 28?
1
Calculate the highest common factor of 44288 and 173.
173
Calculate the greatest common divisor of 3400 and 51.
17
Calculate the highest common factor of 149 and 10579.
149
Calculate the greatest common divisor of 60 and 2085.
15
What is the highest common divisor of 184 and 69?
23
What is the greatest common divisor of 2920 and 64?
8
What is the greatest common divisor of 99 and 23661?
99
Calculate the highest common divisor of 5214 and 132.
66
Calculate the highest common factor of 675 and 90.
45
Calculate the greatest common factor of 368 and 138.
46
What is the greatest common divisor of 4800 and 864?
96
What is the highest common divisor of 4573 and 17?
17
Calculate the highest common factor of 24 and 2292.
12
Calculate the greatest common divisor of 186 and 1767.
93
Calculate the greatest common divisor of 16 and 1964.
4
What is the greatest common factor of 5684 and 140?
28
What is the highest common divisor of 33433 and 67?
67
Calculate the highest common factor of 8 and 10.
2
What is the greatest common factor of 1007 and 19?
19
What is the greatest common divisor of 1690 and 9126?
338
What is the greatest common factor of 588 and 21?
21
Calculate the highest common divisor of 8 and 1096.
8
What is the highest common factor of 402 and 150?
6
What is the greatest common divisor of 1176 and 735?
147
What is the greatest common factor of 129 and 43?
43
Calculate the highest common divisor of 29540 and 14.
14
What is the greatest common divisor of 42 and 77?
7
What is the greatest common factor of 612 and 340?
68
What is the highest common divisor of 1166 and 44?
22
Calculate the highest common factor of 488 and 8.
8
What is the greatest common factor of 3225 and 75?
75
Calculate the highest common divisor of 54 and 43551.
27
What is the highest common factor of 19 and 19?
19
Calculate the greatest common divisor of 4088 and 56.
56
What is the greatest common factor of 113 and 1243?
113
What is the highest common divisor of 1020 and 1037?
17
What is the greatest common factor of 8 and 3456?
8
What is the highest common factor of 28998 and 90?
18
What is the greatest common factor of 70 and 1085?
35
Calculate the highest common factor of 3210 and 40.
10
Calculate the highest common divisor of 16 and 20752.
16
Calculate the greatest common divisor of 30 and 510.
30
What is the greatest common divisor of 407 and 22?
11
What is the greatest common factor of 266 and 247?
19
Calculate the highest common divisor of 100 and 692.
4
What is the highest common factor of 35 and 2800?
35
What is the highest common factor of 18 and 423?
9
What is the greatest common factor of 621 and 108?
27
Calculate the greatest common divisor of 165 and 6655.
55
Calculate the highest common factor of 12152 and 217.
217
Calculate the greatest common divisor of 230 and 598.
46
What is the highest common factor of 128 and 12?
4
What is the highest common factor of 12 and 27330?
6
What is the highest common divisor of 2904 and 660?
132
What is the highest common divisor of 17920 and 70?
70
What is the greatest common factor of 1216 and 19?
19
What is the greatest common divisor of 584 and 664?
8
What is the highest common factor of 7 and 10857?
7
Calculate the highest common divisor of 236 and 7670.
118
What is the highest common divisor 